derivative of 4*c**3 - c**2/2 - 14. Calculate t(y).
11
Let c(t) = -16349*t + 1 + 8189*t + 8158*t. Let n = -3 + 10. Calculate c(n).
-13
Let v(f) be the third derivative of -5*f**4/12 + 20*f**3/3 + 367*f**2. What is v(3)?
10
Let h(g) = -g**3 - g**2 - 37. Suppose -11*b = -61 + 39. Let z be 106/(-371) - b/(-7). What is h(z)?
-37
Suppose 5*l = 3 + 17. Let m(s) be the second derivative of -97 - 1/20*s**5 - 2*s + 5/12*s**4 - 5/2*s**2 - 1/2*s**3. Give m(l).
-1
Let x(n) = -n**2 - 18*n + 66. Suppose -3*g = 5*r + 29 + 9, 2*g + 4*r = -22. Calculate x(g).
3
Let f(v) = 7*v**2 + v + 2. Let u(o) = 31*o**2 - 2*o - 11. Let m(w) = 4*f(w) - u(w). Give m(3).
10
Let i(b) = b**2 - 9*b + 10. Let a be 16/(-40)*25/9*-9. Let g be 28/a*(-150)/(-60). Determine i(g).
-4
Let a(u) = u. Let n be (72/(-32))/(3/8). Let g(r) = -r**2 - 3*r - 14. Let s be g(n). Let b = -28 - s. What is a(b)?
4
Let x(w) = w**2 + 19*w + 91. Let q = 10454 + -10463. Calculate x(q).
1
Let x(f) be the second derivative of f**7/2520 - f**6/240 - 13*f**5/120 + 161*f**4/12 - 214*f. Let i(o) be the third derivative of x(o). Give i(7).
15
Let d(r) = -4*r**2 + 25*r + 112. Let n(c) = -2*c**2 + 13*c + 56. Let s(h) = 3*d(h) - 5*n(h). Give s(8).
8
Let c be (-5 - 4)/(-3) + (6 - 1) + 1. Let i(m) = -m**3 + 9*m**2 + 10*m - 20. Give i(c).
70
Let n(k) = -2*k**2 + 38*k - 180. Let x be n(11). Let t(y) = y + 7. Calculate t(x).
3
Suppose 3*m + 2*m + 2*g - 68 = 0, -m + 5*g = 8. Let c(d) = 17 - d**2 - 36*d + 37*d - m. Give c(-3).
-7
Let u(m) = 2*m**2 - 13*m - 7. Let j(h) be the first derivative of h**3 - 10*h**2 - 12*h + 163. Let k(y) = 5*j(y) - 8*u(y). What is k(5)?
-9
Let c(q) = -19*q + 65 - 48 - 99 - 19 - 88. Let x be c(-10). Let m(l) = 13*l. Determine m(x).
13
Let t(f) = 10*f - 12. Let o = -2569 - -2570. Calculate t(o).
-2
Suppose -5*u = 3*x, -3*x + 14 = -4*u - 13. Suppose -4*l + 0*l + x*d = -20, -16 = 4*d. Let m(c) = -c**2 - c + 2. Give m(l).
2
Let d(c) = c**2 - 5*c - 6. Let x be (-10621)/(-52) + 2/(-8). Let v = 209 - x. Give d(v).
-6
Let h = 121 - 117. Let d(u) = 33*u**3 - 69*u**3 + 37*u**3 + 6*u**2 + 0 + 4*u - h. Determine d(-4).
12
Suppose 6 = 3*u - u. Let y(a) = a**2 + 1. Let j(h) = 3*h**2 - 2*h - 1. Let v = -5 - -4. Let m(i) = v*j(i) + 2*y(i). Give m(u).
0
Let n be 160/75 - (-2)/(-15). Suppose -2*s = -0*s - 4. Let j(h) = s*h**2 + 3 - 4*h**2 - 1 - 4. What is j(n)?
-10
Let h(z) be the third derivative of -z**5/60 + 13*z**4/24 - 23*z**3/6 - 1583*z**2. Determine h(15).
-53
Let z(c) = -c**3 + 4*c**2 - 2*c - 1. Let l(n) = -n**3 - 2*n**2 - 4*n - 5. Let q be l(-2). Let o be 324/81 - (-1 + q - 1). Give z(o).
2
Let i(a) be the third derivative of a**5/30 + 3*a**4/8 - 7*a**3/3 - 1182*a**2 - 2*a. What is i(4)?
54
Let r = -11 + 15. Let p(f) = f + 2 + 0 - r*f + f. Let z(g) = g**2 - g - 7. Let u be z(-3). What is p(u)?
-8
Let v(o) be the second derivative of -o**3/3 - 3*o**2/2 - 6*o + 108. Let m be (-1 - -7)*8/(-12). Give v(m).
5
Let g be 5/(-3) - ((-1692)/(-54) - 13). Let h(c) = c + 13. What is h(g)?
-7
Let u(r) = -13*r**2 - 9 + 15 + r**3 - r + 17*r**2 - 8 - 2. Let w be (7/14)/((-2)/(-20)). Let h = w - 9. Calculate u(h).
0
Let z(c) be the third derivative of c**5/15 - c**4/24 + c**3/6 - c**2 - 18. Let y(w) = w**3 + 11*w**2 - 3*w + 2. Let b(l) = 2*y(l) - 6*z(l). Determine b(2).
6
Let t(n) be the second derivative of 2*n**3/3 - n**2/2 + 8*n. Let l be (-2)/(-5)*(-6 - (-70)/20). Determine t(l).
-5
Let l(v) = 19*v**3 - 22*v**2 - 5*v + 18. Let c(f) = 15*f**3 - 17*f**2 - 5*f + 17. Let o(g) = 5*c(g) - 4*l(g). Calculate o(4).
-23
Let r(d) be the third derivative of -d**7/1680 - d**6/360 - 13*d**5/60 - d**2 + 5*d. Let y(w) be the third derivative of r(w). Give y(3).
-11
Let w = -29 + 29. Suppose -2*n = 5*c - 6, w*c - 12 = -5*c - 4*n. Let m(k) = 1 + c*k**3 - k - 5 - 2 - k**3. Determine m(0).
-6
Let d(v) be the third derivative of v**5/60 - 7*v**4/24 + 3*v**3/2 - 66*v**2 + 5. What is d(4)?
-3
Let w(f) = -28*f**2 + 148*f - 60. Let o(l) = 7*l**2 - 37*l + 15. Let s(t) = 9*o(t) + 2*w(t). Determine s(5).
5
Let z(n) be the first derivative of 3*n**4 - 2*n**3/3 + n + 644. Determine z(-1).
-13
Suppose 3*i - 27 = 3*y, -4*i + 39*y + 27 = 38*y. Let a(l) = l**2 - 9*l + 27. What is a(i)?
9
Suppose -903*o - 95 = -884*o. Let f(k) = 2*k**3 + 9*k**2 - k - 7. Determine f(o).
-27
Let o(u) = u**2 + 5*u + 1 + 6 + 2. Suppose -307 - 89 = 3*x + r, -5*r - 15 = 0. Let h = 125 + x. Calculate o(h).
15
Let s(l) = 4*l + 2. Let v(f) = 8*f + 5. Suppose -u - 8 = 2*z, 4*z + 3*u + 10 + 8 = 0. Let g(o) = z*v(o) + 7*s(o). Let w = 19372 - 19374. Give g(w).
-9
Let x(s) be the third derivative of -s**7/840 - s**6/72 - s**5/40 - s**4/24 + 9*s**3 - 34*s**2 - 1. Let l(q) be the first derivative of x(q). Determine l(-3).
-10
Let k(n) = -6*n**2 - 13*n - 7. Let v(s) = -2*s**2 - 4*s - 2. Let i(z) = -4*k(z) + 11*v(z). What is i(-4)?
6
Let f(m) = -27*m + 60. Let a(v) = -42*v + 91. Let s(c) = -14*a(c) + 22*f(c). What is s(0)?
46
Let h(s) = -15*s + 5*s - 9160879 + 9160878. Suppose 0*x = -x - 5*f - 7, -2*x = -2*f - 10. Determine h(x).
-31
Let q(a) be the first derivative of -a**4/4 + 5*a**3/3 + 7*a**2/2 - 12*a - 3165. Give q(5).
23
Let x(v) be the second derivative of -1/2*v**2 - 1/12*v**4 - 13*v + 5/6*v**3 + 0. Let g = 1 + 2. Calculate x(g).
5
Let y(x) = x**2 - 8*x + 6. Let j = -60 - -65. Let p(a) = a + 1. Let m(o) = -2*o - 3. Let u(g) = j*p(g) + 2*m(g). Let d(w) = 4*u(w) + y(w). Determine d(3).
-1
Let j(k) = 61*k**2 + 74*k - 23. Let h(d) = -39*d**2 - 49*d + 15. Let q(f) = 11*h(f) + 7*j(f). Determine q(-11).
-7
Let i(a) be the first derivative of 162 + 6*a**2 - 1/3*a**3 + 13*a. What is i(14)?
-15
Let r(f) = -2*f - 6. Let j be (6*3/12)/(4/(-8)). Let l be (-36)/(-3)*(2/j + 0). Determine r(l).
10
Let r(t) be the third derivative of -17*t**4/24 - 5*t**3/6 + 10*t**2 - 26. Determine r(2).
-39
Let k(w) = w**3 + 4*w**2 - 2*w - 4. Suppose 5*p - 5*v - 106 + 26 = 0, 0 = -p - v + 6. Suppose 0 = 3*x + y + 11, p*y - 20 = 6*y. Calculate k(x).
-19
Let k = -90 + -35. Let d = k + 129. Let f(i) = i**2 - 3*i - 8. Calculate f(d).
-4
Let d(g) be the third derivative of -67*g**4/24 - 5*g**3/6 + 10429*g**2 + g. Calculate d(-1).
62
Let j(s) = 5*s**3 - 9*s**2 + 2*s - 32. Let c(z) = -9*z**3 + 17*z**2 - 3*z + 63. Let k(i) = 4*c(i) + 7*j(i). Calculate k(6).
4
Let a = -175 + 178. Let f(o) = a - 3*o + 6 - 5 + 2*o. Determine f(0).
4
Let j(i) = 9235 - 18370 - 2*i**2 + 9235. Give j(-7).
2
Let k(a) = -44 - 2*a + a + 41. Let b be k(-6). Let s(m) = -b*m - 77 + 50 + 39 + 2*m. Determine s(11).
1
Let v(d) be the first derivative of -d**3/3 + 13*d**2 + 70*d - 1699. Determine v(28).
14
Let w be (-4)/(-1 + 3) + 17. Suppose 0 = w*i + i - 48. Let z(h) = -h + 1. Determine z(i).
-2
Let g be 2/(-18)*3681/(-409) - 1. Let p(r) = 5*r**3 + 17 + r**2 + r + 0*r**3 - 4*r**3. Determine p(g).
17
Suppose 0 = x - 6*x. Let b(y) = -y**2 - 4286360*y - 3 + 1 + 4286361*y. Give b(x).
-2
Let m(n) = n**2 + 7*n + 6. Let w be (24/30)/((-4)/(-10)) - 6. Let r(p) = -4*p + 37. Let s be r(11). Let g be (11 + s)*(5/w - 0). Determine m(g).
-4
Let f(u) = -4*u**3 + 16*u**2 + 11*u - 1. Let n(p) = -3*p**3 + 12*p**2 + 9*p - 2. Let y(s) = 2*f(s) - 3*n(s). Calculate y(5).
4
Suppose n = 4, -4*n + 4 = 4*m - 0. Let v = m + -4. Let i(r) = r**3 + 8*r**2 + 4*r - 9. Calculate i(v).
12
Let z(j) = -18 + 5*j - 8*j + j + j. Let r be z(-21). Let q(a) = 1 + 3*a**3 - 18*a**2 + 15*a**2 + 2*a - 2*a**r. Give q(3).
7
Let w(o) be the third derivative of -1/12*o**4 + 0 - 24*o**2 + 0*o - 7/6*o**3. Suppose 8 + 7 = -3*q. Determine w(q).
3
Let r be (2/(-6))/((-1808)/1806 + 1). Suppose 0 = 5*w - 4*g + 112 - 401, g = 5*w - r. Let m(f) = 61*f + w*f + 3 - 124*f. Calculate m(5).
-7
Let m(l) = -3*l**3 + l**2 + 15*l + 3. Let j(w) = w**3 + 4*w**2 + w - 2. Let s(o) = j(o) + m(o). Determine s(-2).
5
Let z(o) = 6*o + 7. Let s(d) = -d**2 - 33*d - 92. Let w be s(-30). Give z(w).
-5
Let t(r) = r**2 + 2*r - 1. Let w(l) = -34*l - 118. Let s(h) = 2*h - 3. Let u(i) = 8*s(i) + w(i). Let j be u(-8). Determine t(j).
7
Let x(s) = 86*s - 141*s + 44*s + 2. Determine x(1).
-9
Let r(y) be the first derivative of -5/2*y**2 - 12*y - 9. Calculate r(-10).
38
Suppose 17*a = 14*a - 4*b + 8, 0 = 2*a - 5*b - 36. Let c(j) = -j**3 + 8*j**2 + 4*j - 18. Calculate c(a).
14
Let p = 9 - 8. Let a(q) = 66*q**2 + 33*q - 14. Let h(l) 